{"id":50594,"date":"2018-05-22T17:33:24","date_gmt":"2018-05-22T15:33:24","guid":{"rendered":"https:\/\/ericbphotographie.com\/?page_id=50594"},"modified":"2023-11-01T21:16:51","modified_gmt":"2023-11-01T20:16:51","slug":"mentions-legales","status":"publish","type":"page","link":"https:\/\/ericbphotographie.com\/index.php\/mentions-legales\/","title":{"rendered":"Mentions l\u00e9gales"},"content":{"rendered":"\t\t<div data-elementor-type=\"wp-post\" data-elementor-id=\"50594\" class=\"elementor elementor-50594\" data-elementor-post-type=\"page\">\n\t\t\t\t\t\t<section class=\"elementor-section elementor-top-section elementor-element elementor-element-3d493c5b elementor-section-boxed elementor-section-height-default elementor-section-height-default\" data-id=\"3d493c5b\" data-element_type=\"section\" data-e-type=\"section\">\n\t\t\t\t\t\t<div class=\"elementor-container elementor-column-gap-default\">\n\t\t\t\t\t<div class=\"elementor-column elementor-col-100 elementor-top-column elementor-element elementor-element-1ef1ada7\" data-id=\"1ef1ada7\" data-element_type=\"column\" data-e-type=\"column\">\n\t\t\t<div class=\"elementor-widget-wrap elementor-element-populated\">\n\t\t\t\t\t\t<div class=\"elementor-element elementor-element-24ae46f1 elementor-widget elementor-widget-text-editor\" data-id=\"24ae46f1\" data-element_type=\"widget\" data-e-type=\"widget\" data-widget_type=\"text-editor.default\">\n\t\t\t\t<div class=\"elementor-widget-container\">\n\t\t\t\t\t\t\t\t\t<h1>Mentions l\u00e9gales du site internet ERIC B PHOTOGRAPHIE EI<\/h1><h2>\u00c9diteur<\/h2><p>Nom commercial : ERIC B PHOTOGRAPHIE EI<br \/>Statut : Auto entreprise<br \/>Si\u00e8ge : 88, chemin du ch\u00e8vrefeuille &#8211; 34170 Castelnau Le Lez \u2013 France<br \/>RM : 823\u00a0731\u00a0047 RM 34<br \/>Num\u00e9ro de SIRET : 823\u00a0731\u00a0047 00010<br \/>Code APE\u00a0: 7420Z<br \/>T\u00e9l\u00a0: 06.11.78.38.57<\/p><h2>H\u00e9bergement<\/h2><p>Le site internet est h\u00e9berg\u00e9 sur les serveurs de la soci\u00e9t\u00e9 OVH<br \/>Raison Sociale : OVH<br \/>Statut : SAS au capital de 500 K\u20ac<br \/>Si\u00e8ge social : 2 rue Kellermann &#8211; 59100 Roubaix &#8211; France.<br \/>N\u00b0 TVA intracommunautaire : FR22424761419<br \/>RCS : Roubaix \u2013 Tourcoing 424 761 419 00011<br \/>Num\u00e9ro de SIRET : 42476141900011<br \/>Code APE : 6202A<\/p><p>Ce site web, ericbphotographie.com, appartient et est exploit\u00e9 par Eric B Photographie EI. La structure g\u00e9n\u00e9rale ainsi que la pr\u00e9sentation de chacun des \u00e9l\u00e9ments, les textes, images et vid\u00e9os, et tous les autres \u00e9l\u00e9ments composant le Site Web sont la propri\u00e9t\u00e9 exclusive de l\u2019\u00e9diteur du site, sauf mention contraire.<\/p><p>Chacun des \u00e9l\u00e9ments, y compris les marques, logos et noms de domaine apparaissant sur le site web sont prot\u00e9g\u00e9s par les lois en vigueur sur la propri\u00e9t\u00e9 intellectuelle, et appartiennent \u00e0 Eric B Photographie EI, \u00e0 ses conc\u00e9dants et\/ou \u00e0 des tiers. Aucun \u00e9l\u00e9ment, tel que les fiches produits, photographies, contenus r\u00e9dactionnels, ainsi que toutes les vid\u00e9os, en acc\u00e8s gratuit ou payant, pr\u00e9sent\u00e9es sur le site, ne peut \u00eatre copi\u00e9, reproduit, modifi\u00e9, r\u00e9\u00e9dit\u00e9, charg\u00e9, d\u00e9natur\u00e9, transmis ou distribu\u00e9 de quelle que mani\u00e8re que ce soit, sous quel que support que ce soit, de fa\u00e7on partielle ou int\u00e9grale, sans l&rsquo;autorisation \u00e9crite et pr\u00e9alable de Eric B Photographie EI. Seule la copie \u00e0 usage priv\u00e9 est autoris\u00e9e pour votre usage personnel, priv\u00e9 et non-commercial, sur votre ordinateur personnel. D\u00e8s lors, toute utilisation qui pourrait \u00eatre effectu\u00e9e \u00e0 d&rsquo;autres fins est express\u00e9ment interdite. Cela dit, conform\u00e9ment \u00e0 l\u2019article L. 122-5 du Code de la propri\u00e9t\u00e9 intellectuelle, les courtes citations du contenu ou la diffusion des vid\u00e9os promotionnelles pr\u00e9sentes sur le site sont autoris\u00e9es, sous r\u00e9serve que soient indiqu\u00e9s clairement le nom de l\u2019auteur et de la source, par un lien vers une des pages du site.<\/p><p>Conform\u00e9ment \u00e0 l\u2019article 32 de la Loi Informatique et Libert\u00e9s du 6 janvier 1978, les donn\u00e9es personnelles collect\u00e9es sur le site web ne seront en aucun cas distribu\u00e9es \u00e0 des tiers, ni vendues, ni lou\u00e9es, ni pr\u00eat\u00e9es. L\u2019utilisateur est notamment inform\u00e9 que les informations qu\u2019il communique par le biais des formulaires pr\u00e9sents sur le site sont n\u00e9cessaires pour r\u00e9pondre \u00e0 sa demande et sont destin\u00e9es \u00e0 l\u2019\u00e9diteur du site. Conform\u00e9ment \u00e0 cette loi, vous b\u00e9n\u00e9ficiez d\u2019un droit d\u2019acc\u00e8s et de rectification aux informations qui vous concernent, ainsi que d\u2019un droit d\u2019opposition au traitement de vos donn\u00e9es pour des motifs l\u00e9gitimes. Vous pouvez exercer l\u2019ensemble de ces droits aupr\u00e8s de l\u2019\u00e9diteur du site par l\u2019interm\u00e9diaire d\u2019un courrier \u00e9lectronique dans l\u2019espace contact sur le site web.<\/p><p>Les donn\u00e9es fournies \u00e0 Eric B Photographie EI sont n\u00e9cessaires pour le traitement de vos demandes. Vous pourrez recevoir occasionnellement des offres promotionnelles et informations de la part de Eric B Photographie EI, \u00e9tant pr\u00e9cis\u00e9 que chaque envoi contiendra un lien de d\u00e9sinscription vous permettant \u00e0 tout moment de ne plus les recevoir.<\/p><p>Pour le bon fonctionnement du site web, l\u2019\u00e9diteur utilise Google Analytics, un service du trafic internet fourni par Google. Google Analytics utilise des cookies, qui sont des fichiers textes h\u00e9berg\u00e9s sur votre ordinateur, pour aider le site internet \u00e0 analyser l\u2019utilisation du site par ses utilisateurs. Les donn\u00e9es g\u00e9n\u00e9r\u00e9es par les cookies concernant votre utilisation du site (y compris votre adresse IP) sont transmises et stock\u00e9es par Google sur des serveurs situ\u00e9s aux \u00c9tats-Unis. Google utilise ces informations dans le but d\u2019\u00e9valuer l\u2019utilisation du site par ses visiteurs, de compiler des rapports sur l\u2019activit\u00e9 du site \u00e0 destination de son \u00e9diteur et de fournir d\u2019autres services relatifs \u00e0 l\u2019activit\u00e9 du site et \u00e0 l\u2019utilisation d\u2019Internet. Google est susceptible de communiquer ces donn\u00e9es \u00e0 des tiers en cas d\u2019obligation l\u00e9gale ou lorsque ces tiers traitent les donn\u00e9es pour le compte de Google, y compris notamment l\u2019\u00e9diteur de ce site. Google s\u2019engage \u00e0 ne jamais recouper votre adresse IP avec toute autre donn\u00e9e d\u00e9tenue par Google. Il ne s&rsquo;agit en aucun cas de m\u00e9moriser des donn\u00e9es personnelles vous concernant. En utilisant ce site, vous acceptez que Google traite des donn\u00e9es vous concernant de la mani\u00e8re et aux fins d\u00e9crites ci-dessus. Vous pouvez d\u00e9sactiver l\u2019utilisation de cookies en s\u00e9lectionnant les param\u00e8tres appropri\u00e9s de votre navigateur. Cependant une telle d\u00e9sactivation pourrait emp\u00eacher l\u2019utilisation de certaine fonctionnalit\u00e9 de ce site.<\/p><p>Les pr\u00e9sentes mentions l\u00e9gales sont \u00e9crites en langue fran\u00e7aise et sont soumises au droit interne fran\u00e7ais. En cas de litige, les tribunaux fran\u00e7ais seront les seuls comp\u00e9tents.<\/p><p>\u00a0<\/p>\t\t\t\t\t\t\t\t<\/div>\n\t\t\t\t<\/div>\n\t\t\t\t\t<\/div>\n\t\t<\/div>\n\t\t\t\t\t<\/div>\n\t\t<\/section>\n\t\t\t\t<\/div>\n\t\t","protected":false},"excerpt":{"rendered":"<p>Mentions l\u00e9gales du site internet ERIC B PHOTOGRAPHIE EI \u00c9diteur Nom commercial : ERIC B PHOTOGRAPHIE EI Statut : Auto entreprise Si\u00e8ge : 88, chemin du ch\u00e8vrefeuille &#8211; 34170 Castelnau Le Lez \u2013 France RM : 823\u00a0731\u00a0047 RM 34 Num\u00e9ro de SIRET : 823\u00a0731\u00a0047 00010 Code APE\u00a0: 7420Z T\u00e9l\u00a0: 06.11.78.38.57 H\u00e9bergement Le site internet est&hellip;<\/p>\n","protected":false},"author":1,"featured_media":0,"parent":0,"menu_order":0,"comment_status":"closed","ping_status":"closed","template":"","meta":{"_exactmetrics_skip_tracking":false,"_exactmetrics_sitenote_active":false,"_exactmetrics_sitenote_note":"","_exactmetrics_sitenote_category":0,"footnotes":""},"class_list":["post-50594","page","type-page","status-publish","hentry"],"yoast_head":"<!-- This site is optimized with the Yoast SEO plugin v27.3 - https:\/\/yoast.com\/product\/yoast-seo-wordpress\/ -->\n<title>Mentions l\u00e9gales - Eric B Photographie : photographe de mariage et portrait<\/title>\n<meta name=\"description\" content=\"Mentions l\u00e9gales du site internet Eric B Photographie. Editeur et h\u00e9bergement du site.\" \/>\n<meta name=\"robots\" content=\"index, follow, max-snippet:-1, max-image-preview:large, max-video-preview:-1\" \/>\n<link rel=\"canonical\" href=\"https:\/\/ericbphotographie.com\/index.php\/mentions-legales\/\" \/>\n<meta property=\"og:locale\" content=\"fr_FR\" \/>\n<meta property=\"og:type\" content=\"article\" \/>\n<meta property=\"og:title\" content=\"Mentions l\u00e9gales - Eric B Photographie : photographe de mariage et portrait\" \/>\n<meta property=\"og:description\" content=\"Mentions l\u00e9gales du site internet Eric B Photographie. Editeur et h\u00e9bergement du site.\" \/>\n<meta property=\"og:url\" content=\"https:\/\/ericbphotographie.com\/index.php\/mentions-legales\/\" \/>\n<meta property=\"og:site_name\" content=\"Eric B Photographie : photographe de mariage et portrait\" \/>\n<meta property=\"article:publisher\" content=\"https:\/\/www.facebook.com\/ericbphotographie34\/\" \/>\n<meta property=\"article:modified_time\" content=\"2023-11-01T20:16:51+00:00\" \/>\n<meta name=\"twitter:card\" content=\"summary_large_image\" \/>\n<meta name=\"twitter:label1\" content=\"Dur\u00e9e de lecture estim\u00e9e\" \/>\n\t<meta name=\"twitter:data1\" content=\"4 minutes\" \/>\n<script type=\"application\/ld+json\" class=\"yoast-schema-graph\">{\"@context\":\"https:\\\/\\\/schema.org\",\"@graph\":[{\"@type\":\"WebPage\",\"@id\":\"https:\\\/\\\/ericbphotographie.com\\\/index.php\\\/mentions-legales\\\/\",\"url\":\"https:\\\/\\\/ericbphotographie.com\\\/index.php\\\/mentions-legales\\\/\",\"name\":\"Mentions l\u00e9gales - Eric B Photographie : photographe de mariage et portrait\",\"isPartOf\":{\"@id\":\"https:\\\/\\\/ericbphotographie.com\\\/#website\"},\"datePublished\":\"2018-05-22T15:33:24+00:00\",\"dateModified\":\"2023-11-01T20:16:51+00:00\",\"description\":\"Mentions l\u00e9gales du site internet Eric B Photographie. Editeur et h\u00e9bergement du site.\",\"breadcrumb\":{\"@id\":\"https:\\\/\\\/ericbphotographie.com\\\/index.php\\\/mentions-legales\\\/#breadcrumb\"},\"inLanguage\":\"fr-FR\",\"potentialAction\":[{\"@type\":\"ReadAction\",\"target\":[\"https:\\\/\\\/ericbphotographie.com\\\/index.php\\\/mentions-legales\\\/\"]}]},{\"@type\":\"BreadcrumbList\",\"@id\":\"https:\\\/\\\/ericbphotographie.com\\\/index.php\\\/mentions-legales\\\/#breadcrumb\",\"itemListElement\":[{\"@type\":\"ListItem\",\"position\":1,\"name\":\"Accueil\",\"item\":\"https:\\\/\\\/ericbphotographie.com\\\/\"},{\"@type\":\"ListItem\",\"position\":2,\"name\":\"Mentions l\u00e9gales\"}]},{\"@type\":\"WebSite\",\"@id\":\"https:\\\/\\\/ericbphotographie.com\\\/#website\",\"url\":\"https:\\\/\\\/ericbphotographie.com\\\/\",\"name\":\"Eric B Photographie : photographe de mariage et portrait\",\"description\":\"Des photos pour de beaux souvenirs\",\"publisher\":{\"@id\":\"https:\\\/\\\/ericbphotographie.com\\\/#organization\"},\"potentialAction\":[{\"@type\":\"SearchAction\",\"target\":{\"@type\":\"EntryPoint\",\"urlTemplate\":\"https:\\\/\\\/ericbphotographie.com\\\/?s={search_term_string}\"},\"query-input\":{\"@type\":\"PropertyValueSpecification\",\"valueRequired\":true,\"valueName\":\"search_term_string\"}}],\"inLanguage\":\"fr-FR\"},{\"@type\":\"Organization\",\"@id\":\"https:\\\/\\\/ericbphotographie.com\\\/#organization\",\"name\":\"Eric B Photographie\",\"url\":\"https:\\\/\\\/ericbphotographie.com\\\/\",\"logo\":{\"@type\":\"ImageObject\",\"inLanguage\":\"fr-FR\",\"@id\":\"https:\\\/\\\/ericbphotographie.com\\\/#\\\/schema\\\/logo\\\/image\\\/\",\"url\":\"https:\\\/\\\/ericbphotographie.com\\\/wp-content\\\/uploads\\\/2018\\\/11\\\/Logo-EricB-nf.png\",\"contentUrl\":\"https:\\\/\\\/ericbphotographie.com\\\/wp-content\\\/uploads\\\/2018\\\/11\\\/Logo-EricB-nf.png\",\"width\":243,\"height\":206,\"caption\":\"Eric B Photographie\"},\"image\":{\"@id\":\"https:\\\/\\\/ericbphotographie.com\\\/#\\\/schema\\\/logo\\\/image\\\/\"},\"sameAs\":[\"https:\\\/\\\/www.facebook.com\\\/ericbphotographie34\\\/\",\"https:\\\/\\\/www.instagram.com\\\/ericb.photographie\\\/\"]}]}<\/script>\n<!-- \/ Yoast SEO plugin. -->","yoast_head_json":{"title":"Mentions l\u00e9gales - Eric B Photographie : photographe de mariage et portrait","description":"Mentions l\u00e9gales du site internet Eric B Photographie. Editeur et h\u00e9bergement du site.","robots":{"index":"index","follow":"follow","max-snippet":"max-snippet:-1","max-image-preview":"max-image-preview:large","max-video-preview":"max-video-preview:-1"},"canonical":"https:\/\/ericbphotographie.com\/index.php\/mentions-legales\/","og_locale":"fr_FR","og_type":"article","og_title":"Mentions l\u00e9gales - Eric B Photographie : photographe de mariage et portrait","og_description":"Mentions l\u00e9gales du site internet Eric B Photographie. Editeur et h\u00e9bergement du site.","og_url":"https:\/\/ericbphotographie.com\/index.php\/mentions-legales\/","og_site_name":"Eric B Photographie : photographe de mariage et portrait","article_publisher":"https:\/\/www.facebook.com\/ericbphotographie34\/","article_modified_time":"2023-11-01T20:16:51+00:00","twitter_card":"summary_large_image","twitter_misc":{"Dur\u00e9e de lecture estim\u00e9e":"4 minutes"},"schema":{"@context":"https:\/\/schema.org","@graph":[{"@type":"WebPage","@id":"https:\/\/ericbphotographie.com\/index.php\/mentions-legales\/","url":"https:\/\/ericbphotographie.com\/index.php\/mentions-legales\/","name":"Mentions l\u00e9gales - Eric B Photographie : photographe de mariage et portrait","isPartOf":{"@id":"https:\/\/ericbphotographie.com\/#website"},"datePublished":"2018-05-22T15:33:24+00:00","dateModified":"2023-11-01T20:16:51+00:00","description":"Mentions l\u00e9gales du site internet Eric B Photographie. Editeur et h\u00e9bergement du site.","breadcrumb":{"@id":"https:\/\/ericbphotographie.com\/index.php\/mentions-legales\/#breadcrumb"},"inLanguage":"fr-FR","potentialAction":[{"@type":"ReadAction","target":["https:\/\/ericbphotographie.com\/index.php\/mentions-legales\/"]}]},{"@type":"BreadcrumbList","@id":"https:\/\/ericbphotographie.com\/index.php\/mentions-legales\/#breadcrumb","itemListElement":[{"@type":"ListItem","position":1,"name":"Accueil","item":"https:\/\/ericbphotographie.com\/"},{"@type":"ListItem","position":2,"name":"Mentions l\u00e9gales"}]},{"@type":"WebSite","@id":"https:\/\/ericbphotographie.com\/#website","url":"https:\/\/ericbphotographie.com\/","name":"Eric B Photographie : photographe de mariage et portrait","description":"Des photos pour de beaux souvenirs","publisher":{"@id":"https:\/\/ericbphotographie.com\/#organization"},"potentialAction":[{"@type":"SearchAction","target":{"@type":"EntryPoint","urlTemplate":"https:\/\/ericbphotographie.com\/?s={search_term_string}"},"query-input":{"@type":"PropertyValueSpecification","valueRequired":true,"valueName":"search_term_string"}}],"inLanguage":"fr-FR"},{"@type":"Organization","@id":"https:\/\/ericbphotographie.com\/#organization","name":"Eric B Photographie","url":"https:\/\/ericbphotographie.com\/","logo":{"@type":"ImageObject","inLanguage":"fr-FR","@id":"https:\/\/ericbphotographie.com\/#\/schema\/logo\/image\/","url":"https:\/\/ericbphotographie.com\/wp-content\/uploads\/2018\/11\/Logo-EricB-nf.png","contentUrl":"https:\/\/ericbphotographie.com\/wp-content\/uploads\/2018\/11\/Logo-EricB-nf.png","width":243,"height":206,"caption":"Eric B Photographie"},"image":{"@id":"https:\/\/ericbphotographie.com\/#\/schema\/logo\/image\/"},"sameAs":["https:\/\/www.facebook.com\/ericbphotographie34\/","https:\/\/www.instagram.com\/ericb.photographie\/"]}]}},"_links":{"self":[{"href":"https:\/\/ericbphotographie.com\/index.php\/wp-json\/wp\/v2\/pages\/50594","targetHints":{"allow":["GET"]}}],"collection":[{"href":"https:\/\/ericbphotographie.com\/index.php\/wp-json\/wp\/v2\/pages"}],"about":[{"href":"https:\/\/ericbphotographie.com\/index.php\/wp-json\/wp\/v2\/types\/page"}],"author":[{"embeddable":true,"href":"https:\/\/ericbphotographie.com\/index.php\/wp-json\/wp\/v2\/users\/1"}],"replies":[{"embeddable":true,"href":"https:\/\/ericbphotographie.com\/index.php\/wp-json\/wp\/v2\/comments?post=50594"}],"version-history":[{"count":40,"href":"https:\/\/ericbphotographie.com\/index.php\/wp-json\/wp\/v2\/pages\/50594\/revisions"}],"predecessor-version":[{"id":52221,"href":"https:\/\/ericbphotographie.com\/index.php\/wp-json\/wp\/v2\/pages\/50594\/revisions\/52221"}],"wp:attachment":[{"href":"https:\/\/ericbphotographie.com\/index.php\/wp-json\/wp\/v2\/media?parent=50594"}],"curies":[{"name":"wp","href":"https:\/\/api.w.org\/{rel}","templated":true}]}}