{"id":50610,"date":"2018-05-25T08:24:31","date_gmt":"2018-05-25T06:24:31","guid":{"rendered":"https:\/\/ericbphotographie.com\/?page_id=50610"},"modified":"2022-07-15T15:02:30","modified_gmt":"2022-07-15T13:02:30","slug":"politique-des-cookies","status":"publish","type":"page","link":"https:\/\/ericbphotographie.com\/index.php\/politique-des-cookies\/","title":{"rendered":"Politique des cookies"},"content":{"rendered":"\t\t<div data-elementor-type=\"wp-post\" data-elementor-id=\"50610\" class=\"elementor elementor-50610\" data-elementor-post-type=\"page\">\n\t\t\t\t\t\t<section class=\"elementor-section elementor-top-section elementor-element elementor-element-2935b67 elementor-section-boxed elementor-section-height-default elementor-section-height-default\" data-id=\"2935b67\" data-element_type=\"section\" data-e-type=\"section\">\n\t\t\t\t\t\t<div class=\"elementor-container elementor-column-gap-default\">\n\t\t\t\t\t<div class=\"elementor-column elementor-col-100 elementor-top-column elementor-element elementor-element-56c326f\" data-id=\"56c326f\" data-element_type=\"column\" data-e-type=\"column\">\n\t\t\t<div class=\"elementor-widget-wrap elementor-element-populated\">\n\t\t\t\t\t\t<div class=\"elementor-element elementor-element-6def9ae elementor-widget elementor-widget-text-editor\" data-id=\"6def9ae\" data-element_type=\"widget\" data-e-type=\"widget\" data-widget_type=\"text-editor.default\">\n\t\t\t\t<div class=\"elementor-widget-container\">\n\t\t\t\t\t\t\t\t\t<p><strong>Politique des cookies<\/strong><\/p><p>Cette page est consacr\u00e9e \u00e0 l&rsquo;explication et l&rsquo;utilisation des cookies : ce qu&rsquo;ils sont, les diff\u00e9rents types de cookies qui sont utilis\u00e9s, leur finalit\u00e9.<\/p><p><strong>Qu&rsquo;est-ce qu&rsquo;un cookie ?<\/strong><\/p><p>Un cookie est un petit fichier texte qui est enregistr\u00e9 sur votre terminal par l&rsquo;interm\u00e9diaire de votre navigateur lorsque vous consultez un site Internet. Si bien s\u00fbr vous en acceptez l&rsquo;installation. L&rsquo;int\u00e9r\u00eat des cookies est de permettre au site de vous identifier en fonction de votre terminal.<\/p><p>Eric B Photographie utilise principalement des cookies dans le cadre de l&rsquo;\u00e9dition de son site Internet, afin d&rsquo;obtenir des informations qui faciliteront votre navigation. Des cookies peuvent \u00e9galement \u00eatre install\u00e9s pour le bon fonctionnement du site ou tout simplement pour en mesurer l&rsquo;audience. Rassurez-vous, personne d&rsquo;autre que l&rsquo;\u00e9metteur d&rsquo;un cookie n&rsquo;est capable de lire ou modifier les informations qui s&rsquo;y trouvent.<\/p><p><strong>Types de cookies<\/strong><\/p><p>En visitant notre site, quatre sortes de cookies sont susceptibles d&rsquo;\u00eatre install\u00e9s sur votre terminal : cookies d&rsquo;origine, cookies tiers, cookies de session et cookies persistants.<\/p><p>Cookies d&rsquo;origine<\/p><p>Les cookies d&rsquo;origine (de premi\u00e8re partie) peuvent inclure des cookies de session et des cookies persistants (voir ci-dessous). Ils nous permettent d&rsquo;analyser le comportement de votre utilisation du site depuis votre terminal, ayant pour finalit\u00e9, par exemple, l&rsquo;analyse.<\/p><p><strong>Cookies tiers<\/strong><\/p><p>Les cookies tiers ne sont pas install\u00e9s par nous mais par nos partenaires. Ils peuvent \u00eatre des cookies de session et des cookies persistants. En effet, par exemple des r\u00e9gies publicitaires comme Google, se servent des cookies tiers pour personnaliser les espaces publicitaires, de mani\u00e8re \u00e0 ce que soient affich\u00e9es les annonces vous int\u00e9ressant le plus, en fonction de votre profil.<\/p><p><strong>Cookies sociaux<\/strong><\/p><p>Pour vous permettre de partager du contenu sur les m\u00e9dias sociaux, certaines fonctionnalit\u00e9s du site Internet utilisent des plugiciels d&rsquo;application sociale (par exemple les boutons \u00ab\u00a0Partager sur Twitter\u00a0\u00bb de Twitter\u2122 ou \u00ab\u00a0Partager sur Facebook\u00a0\u00bb de Facebook\u2122). En fonction des param\u00e8tres de votre compte de m\u00e9dias sociaux, nous recevons automatiquement des informations de la plateforme de m\u00e9dias sociaux lorsque vous utilisez le bouton correspondant sur notre site Internet. Pour en apprendre davantage sur les cookies des m\u00e9dias sociaux, nous vous sugg\u00e9rons de vous r\u00e9f\u00e9rer \u00e0 la Politique relative \u00e0 l&rsquo;utilisation des cookies et \u00e0 la Politique de confidentialit\u00e9 de la plateforme des m\u00e9dias sociaux.<\/p><p><strong>Cookies de session<\/strong><\/p><p>Une session est simplement le temps que vous avez pass\u00e9 sur le site. Elle commence \u00e0 partir du moment o\u00f9 vous ouvrez votre navigateur et s&rsquo;arr\u00eate quand vous le fermez. D\u00e8s la fin de votre navigation, les cookies de session expirent g\u00e9n\u00e9ralement. Nous utilisons des cookies de session pour de multiples raisons, notamment par exemple pour nous rappeler que votre terminal est connect\u00e9 au site.<\/p><p><strong>Cookies persistants<\/strong><\/p><p>Les cookies persistants sont install\u00e9s au cours de votre session mais restent dans votre terminal apr\u00e8s la fin de cette session. Ils nous permettent de vous identifier facilement lors de votre prochaine visite. Nous utilisons \u00e9galement des cookies persistants \u00e0 des fins d&rsquo;analyse. Tous les cookies ont une dur\u00e9e de vie. D&rsquo;une mani\u00e8re g\u00e9n\u00e9rale, un cookie \u00e0 des fins de mesure d&rsquo;audience ou de publicit\u00e9 ne doit pas avoir une dur\u00e9e d&rsquo;existence sup\u00e9rieure \u00e0 treize mois.<\/p><p><strong>Votre droit d&rsquo;acceptation ou d&rsquo;oppostion<\/strong><\/p><p>Vous devez donner votre accord pour que nous installions des cookies sur votre terminal. Cet accord vous est demand\u00e9 la premi\u00e8re fois que vous arrivez sur le site, et, en cas d&rsquo;acceptation de votre part, tous les treize mois. Vous pouvez cependant retirer votre accord \u00e0 tout moment. Pour cela, toutes les explications sont fournies dans cette page.<\/p><p><strong>Vos choix concernant les cookies<\/strong><\/p><p>Plusieurs possibilit\u00e9s vous sont offertes pour g\u00e9rer les cookies. Tout param\u00e9trage que vous pouvez entreprendre sera susceptible de modifier votre navigation sur Internet et aussi sur notre site. Vous avez n\u00e9anmoins la possibilit\u00e9 de choisir d&rsquo;accepter ou de refuser l&rsquo;installation de cookies \u00e0 votre convenance, en utilisant les m\u00e9thodes d\u00e9crites ci-apr\u00e8s.<\/p><p>Via votre navigateur : il est possible de configurer votre navigateur afin que les cookies soient toujours accept\u00e9s ou toujours refus\u00e9s, soit syst\u00e9matiquement, soit selon leur \u00e9metteur. Vous pouvez \u00e9galement configurer votre navigateur afin que l&rsquo;acceptation ou le refus des cookies soient propos\u00e9s ponctuellement, avant qu&rsquo;un cookie soit susceptible d&rsquo;\u00eatre install\u00e9 dans votre terminal. Nous d\u00e9taillons cette possibilit\u00e9 ci-apr\u00e8s.<\/p><p>Sans votre navigateur : vous pouvez autoriser ou refuser les cookies de mesures d&rsquo;audience ainsi que les cookies publicitaires en suivant les instructions figurant ci-apr\u00e8s.<\/p><p><strong>L&rsquo;acceptation des cookies<\/strong><\/p><p>Chaque usager peut, \u00e0 tout moment, accepter ou refuser gratuitement l&rsquo;installation d&rsquo;un cookie sur son terminal \u00e0 travers les choix qui lui sont offerts par son navigateur.<\/p><p>Si vous avez accept\u00e9 l&rsquo;installation de cookies depuis votre navigateur, ceux-ci pourront \u00eatre stock\u00e9s temporairement dans un espace d\u00e9di\u00e9 de votre terminal. Nous vous rappelons que seul l&rsquo;\u00e9metteur d&rsquo;un cookie est capable de le lire et\/ou le modifier.<\/p><p><strong>Le refus des cookies<\/strong><\/p><p>Si vous refusez l&rsquo;installation de cookies sur votre terminal, ou si vous supprimez ceux qui y sont d\u00e9j\u00e0 pr\u00e9sents, la navigation sur le site risque de s\u2019en ressentir. Nous d\u00e9clinons dans ce cas toute responsabilit\u00e9 pour les cons\u00e9quences li\u00e9es au mauvais fonctionnement du site en raison de l&rsquo;impossibilit\u00e9 pour nous d&rsquo;installer ou de consulter des cookies n\u00e9cessaires, car vous les avez refus\u00e9s ou supprim\u00e9s.<\/p><p><strong>Les cookies \u00ab\u00a0FLASH\u00a0\u00bb\u00a9 DE \u00ab\u00a0ADOBE FLASH PLAYER\u00a0\u00bb\u2122<\/strong><\/p><p>\u00ab\u00a0Adobe Flash Player\u00a0\u00bb\u2122 est un plugin utilisant le langage de programmation \u00ab\u00a0Flash\u00a0\u00bb. Flash (et les applications de m\u00eame type) m\u00e9morise les param\u00e8tres, les pr\u00e9f\u00e9rences et l&rsquo;utilisation des contenus d\u00e9velopp\u00e9s suivant une technologie similaire aux cookies. Toutefois, \u00ab\u00a0Adobe Flash Player\u00a0\u00bb\u2122 g\u00e8re ces informations et vos choix via une interface diff\u00e9rente de celle fournie par votre logiciel de navigation.<\/p><p><strong>Cookies GOOGLE\u2122<\/strong><\/p><p>Quelques points que Google veut \u00eatre s\u00fbr que vous sachiez concernant la Technologie de collecte des donn\u00e9es de Google<\/p><p><em>Google Analytics<\/em><\/p><p>Nous utilisons Google Analytics, un service de Google qui emploie des cookies et d&rsquo;autres technologies de collecte des donn\u00e9es pour recueillir des informations sur l&rsquo;utilisation que vous faites du site Internet et des services afin de cr\u00e9er des rapports sur les tendances du site Internet.<\/p><p>Vous pouvez vous d\u00e9sengager de Google Analytics en visitant la page\u00a0<a href=\"http:\/\/www.google.com\/settings\/ads\">www.google.com\/settings\/ads<\/a>\u00a0ou en t\u00e9l\u00e9chargeant le module de d\u00e9sactivation de Google Analytics de votre navigateur \u00e0 l&rsquo;adresse\u00a0<a href=\"https:\/\/tools.google.com\/dlpage\/gaoptout\">https:\/\/tools.google.com\/dlpage\/gaoptout<\/a>.<\/p>\t\t\t\t\t\t\t\t<\/div>\n\t\t\t\t<\/div>\n\t\t\t\t\t<\/div>\n\t\t<\/div>\n\t\t\t\t\t<\/div>\n\t\t<\/section>\n\t\t\t\t<\/div>\n\t\t","protected":false},"excerpt":{"rendered":"<p>Politique des cookies Cette page est consacr\u00e9e \u00e0 l&rsquo;explication et l&rsquo;utilisation des cookies : ce qu&rsquo;ils sont, les diff\u00e9rents types de cookies qui sont utilis\u00e9s, leur finalit\u00e9. Qu&rsquo;est-ce qu&rsquo;un cookie ? Un cookie est un petit fichier texte qui est enregistr\u00e9 sur votre terminal par l&rsquo;interm\u00e9diaire de votre navigateur lorsque vous consultez un site Internet.&hellip;<\/p>\n","protected":false},"author":1,"featured_media":0,"parent":0,"menu_order":0,"comment_status":"closed","ping_status":"closed","template":"","meta":{"_exactmetrics_skip_tracking":false,"_exactmetrics_sitenote_active":false,"_exactmetrics_sitenote_note":"","_exactmetrics_sitenote_category":0,"footnotes":""},"class_list":["post-50610","page","type-page","status-publish","hentry"],"yoast_head":"<!-- This site is optimized with the Yoast SEO plugin v27.5 - https:\/\/yoast.com\/product\/yoast-seo-wordpress\/ -->\n<title>Politique des cookies - Eric B Photographie : photographe de mariage et portrait<\/title>\n<meta name=\"description\" content=\"Page d&#039;information sur la la politique de cookies du site internet Eric B Photographie.\" \/>\n<meta name=\"robots\" content=\"index, follow, max-snippet:-1, max-image-preview:large, max-video-preview:-1\" \/>\n<link rel=\"canonical\" href=\"https:\/\/ericbphotographie.com\/index.php\/politique-des-cookies\/\" \/>\n<meta property=\"og:locale\" content=\"fr_FR\" \/>\n<meta property=\"og:type\" content=\"article\" \/>\n<meta property=\"og:title\" content=\"Politique des cookies - Eric B Photographie : photographe de mariage et portrait\" \/>\n<meta property=\"og:description\" content=\"Page d&#039;information sur la la politique de cookies du site internet Eric B Photographie.\" \/>\n<meta property=\"og:url\" content=\"https:\/\/ericbphotographie.com\/index.php\/politique-des-cookies\/\" \/>\n<meta property=\"og:site_name\" content=\"Eric B Photographie : photographe de mariage et portrait\" \/>\n<meta property=\"article:publisher\" content=\"https:\/\/www.facebook.com\/ericbphotographie34\/\" \/>\n<meta property=\"article:modified_time\" content=\"2022-07-15T13:02:30+00:00\" \/>\n<meta name=\"twitter:card\" content=\"summary_large_image\" \/>\n<meta name=\"twitter:label1\" content=\"Dur\u00e9e de lecture estim\u00e9e\" \/>\n\t<meta name=\"twitter:data1\" content=\"6 minutes\" \/>\n<script type=\"application\/ld+json\" class=\"yoast-schema-graph\">{\"@context\":\"https:\\\/\\\/schema.org\",\"@graph\":[{\"@type\":\"WebPage\",\"@id\":\"https:\\\/\\\/ericbphotographie.com\\\/index.php\\\/politique-des-cookies\\\/\",\"url\":\"https:\\\/\\\/ericbphotographie.com\\\/index.php\\\/politique-des-cookies\\\/\",\"name\":\"Politique des cookies - Eric B Photographie : photographe de mariage et portrait\",\"isPartOf\":{\"@id\":\"https:\\\/\\\/ericbphotographie.com\\\/#website\"},\"datePublished\":\"2018-05-25T06:24:31+00:00\",\"dateModified\":\"2022-07-15T13:02:30+00:00\",\"description\":\"Page d'information sur la la politique de cookies du site internet Eric B Photographie.\",\"breadcrumb\":{\"@id\":\"https:\\\/\\\/ericbphotographie.com\\\/index.php\\\/politique-des-cookies\\\/#breadcrumb\"},\"inLanguage\":\"fr-FR\",\"potentialAction\":[{\"@type\":\"ReadAction\",\"target\":[\"https:\\\/\\\/ericbphotographie.com\\\/index.php\\\/politique-des-cookies\\\/\"]}]},{\"@type\":\"BreadcrumbList\",\"@id\":\"https:\\\/\\\/ericbphotographie.com\\\/index.php\\\/politique-des-cookies\\\/#breadcrumb\",\"itemListElement\":[{\"@type\":\"ListItem\",\"position\":1,\"name\":\"Accueil\",\"item\":\"https:\\\/\\\/ericbphotographie.com\\\/\"},{\"@type\":\"ListItem\",\"position\":2,\"name\":\"Politique des cookies\"}]},{\"@type\":\"WebSite\",\"@id\":\"https:\\\/\\\/ericbphotographie.com\\\/#website\",\"url\":\"https:\\\/\\\/ericbphotographie.com\\\/\",\"name\":\"Eric B Photographie : photographe de mariage et portrait\",\"description\":\"Des photos pour de beaux souvenirs\",\"publisher\":{\"@id\":\"https:\\\/\\\/ericbphotographie.com\\\/#organization\"},\"potentialAction\":[{\"@type\":\"SearchAction\",\"target\":{\"@type\":\"EntryPoint\",\"urlTemplate\":\"https:\\\/\\\/ericbphotographie.com\\\/?s={search_term_string}\"},\"query-input\":{\"@type\":\"PropertyValueSpecification\",\"valueRequired\":true,\"valueName\":\"search_term_string\"}}],\"inLanguage\":\"fr-FR\"},{\"@type\":\"Organization\",\"@id\":\"https:\\\/\\\/ericbphotographie.com\\\/#organization\",\"name\":\"Eric B Photographie\",\"url\":\"https:\\\/\\\/ericbphotographie.com\\\/\",\"logo\":{\"@type\":\"ImageObject\",\"inLanguage\":\"fr-FR\",\"@id\":\"https:\\\/\\\/ericbphotographie.com\\\/#\\\/schema\\\/logo\\\/image\\\/\",\"url\":\"https:\\\/\\\/ericbphotographie.com\\\/wp-content\\\/uploads\\\/2018\\\/11\\\/Logo-EricB-nf.png\",\"contentUrl\":\"https:\\\/\\\/ericbphotographie.com\\\/wp-content\\\/uploads\\\/2018\\\/11\\\/Logo-EricB-nf.png\",\"width\":243,\"height\":206,\"caption\":\"Eric B Photographie\"},\"image\":{\"@id\":\"https:\\\/\\\/ericbphotographie.com\\\/#\\\/schema\\\/logo\\\/image\\\/\"},\"sameAs\":[\"https:\\\/\\\/www.facebook.com\\\/ericbphotographie34\\\/\",\"https:\\\/\\\/www.instagram.com\\\/ericb.photographie\\\/\"]}]}<\/script>\n<!-- \/ Yoast SEO plugin. -->","yoast_head_json":{"title":"Politique des cookies - Eric B Photographie : photographe de mariage et portrait","description":"Page d'information sur la la politique de cookies du site internet Eric B Photographie.","robots":{"index":"index","follow":"follow","max-snippet":"max-snippet:-1","max-image-preview":"max-image-preview:large","max-video-preview":"max-video-preview:-1"},"canonical":"https:\/\/ericbphotographie.com\/index.php\/politique-des-cookies\/","og_locale":"fr_FR","og_type":"article","og_title":"Politique des cookies - Eric B Photographie : photographe de mariage et portrait","og_description":"Page d'information sur la la politique de cookies du site internet Eric B Photographie.","og_url":"https:\/\/ericbphotographie.com\/index.php\/politique-des-cookies\/","og_site_name":"Eric B Photographie : photographe de mariage et portrait","article_publisher":"https:\/\/www.facebook.com\/ericbphotographie34\/","article_modified_time":"2022-07-15T13:02:30+00:00","twitter_card":"summary_large_image","twitter_misc":{"Dur\u00e9e de lecture estim\u00e9e":"6 minutes"},"schema":{"@context":"https:\/\/schema.org","@graph":[{"@type":"WebPage","@id":"https:\/\/ericbphotographie.com\/index.php\/politique-des-cookies\/","url":"https:\/\/ericbphotographie.com\/index.php\/politique-des-cookies\/","name":"Politique des cookies - Eric B Photographie : photographe de mariage et portrait","isPartOf":{"@id":"https:\/\/ericbphotographie.com\/#website"},"datePublished":"2018-05-25T06:24:31+00:00","dateModified":"2022-07-15T13:02:30+00:00","description":"Page d'information sur la la politique de cookies du site internet Eric B Photographie.","breadcrumb":{"@id":"https:\/\/ericbphotographie.com\/index.php\/politique-des-cookies\/#breadcrumb"},"inLanguage":"fr-FR","potentialAction":[{"@type":"ReadAction","target":["https:\/\/ericbphotographie.com\/index.php\/politique-des-cookies\/"]}]},{"@type":"BreadcrumbList","@id":"https:\/\/ericbphotographie.com\/index.php\/politique-des-cookies\/#breadcrumb","itemListElement":[{"@type":"ListItem","position":1,"name":"Accueil","item":"https:\/\/ericbphotographie.com\/"},{"@type":"ListItem","position":2,"name":"Politique des cookies"}]},{"@type":"WebSite","@id":"https:\/\/ericbphotographie.com\/#website","url":"https:\/\/ericbphotographie.com\/","name":"Eric B Photographie : photographe de mariage et portrait","description":"Des photos pour de beaux souvenirs","publisher":{"@id":"https:\/\/ericbphotographie.com\/#organization"},"potentialAction":[{"@type":"SearchAction","target":{"@type":"EntryPoint","urlTemplate":"https:\/\/ericbphotographie.com\/?s={search_term_string}"},"query-input":{"@type":"PropertyValueSpecification","valueRequired":true,"valueName":"search_term_string"}}],"inLanguage":"fr-FR"},{"@type":"Organization","@id":"https:\/\/ericbphotographie.com\/#organization","name":"Eric B Photographie","url":"https:\/\/ericbphotographie.com\/","logo":{"@type":"ImageObject","inLanguage":"fr-FR","@id":"https:\/\/ericbphotographie.com\/#\/schema\/logo\/image\/","url":"https:\/\/ericbphotographie.com\/wp-content\/uploads\/2018\/11\/Logo-EricB-nf.png","contentUrl":"https:\/\/ericbphotographie.com\/wp-content\/uploads\/2018\/11\/Logo-EricB-nf.png","width":243,"height":206,"caption":"Eric B Photographie"},"image":{"@id":"https:\/\/ericbphotographie.com\/#\/schema\/logo\/image\/"},"sameAs":["https:\/\/www.facebook.com\/ericbphotographie34\/","https:\/\/www.instagram.com\/ericb.photographie\/"]}]}},"_links":{"self":[{"href":"https:\/\/ericbphotographie.com\/index.php\/wp-json\/wp\/v2\/pages\/50610","targetHints":{"allow":["GET"]}}],"collection":[{"href":"https:\/\/ericbphotographie.com\/index.php\/wp-json\/wp\/v2\/pages"}],"about":[{"href":"https:\/\/ericbphotographie.com\/index.php\/wp-json\/wp\/v2\/types\/page"}],"author":[{"embeddable":true,"href":"https:\/\/ericbphotographie.com\/index.php\/wp-json\/wp\/v2\/users\/1"}],"replies":[{"embeddable":true,"href":"https:\/\/ericbphotographie.com\/index.php\/wp-json\/wp\/v2\/comments?post=50610"}],"version-history":[{"count":18,"href":"https:\/\/ericbphotographie.com\/index.php\/wp-json\/wp\/v2\/pages\/50610\/revisions"}],"predecessor-version":[{"id":51986,"href":"https:\/\/ericbphotographie.com\/index.php\/wp-json\/wp\/v2\/pages\/50610\/revisions\/51986"}],"wp:attachment":[{"href":"https:\/\/ericbphotographie.com\/index.php\/wp-json\/wp\/v2\/media?parent=50610"}],"curies":[{"name":"wp","href":"https:\/\/api.w.org\/{rel}","templated":true}]}}