{"id":50627,"date":"2018-05-25T09:49:27","date_gmt":"2018-05-25T07:49:27","guid":{"rendered":"https:\/\/ericbphotographie.com\/?page_id=50627"},"modified":"2022-06-08T20:52:33","modified_gmt":"2022-06-08T18:52:33","slug":"qui-suis-je","status":"publish","type":"page","link":"https:\/\/ericbphotographie.com\/index.php\/qui-suis-je\/","title":{"rendered":"Qui suis-je ?"},"content":{"rendered":"\t\t<div data-elementor-type=\"wp-post\" data-elementor-id=\"50627\" class=\"elementor elementor-50627\" data-elementor-post-type=\"page\">\n\t\t\t\t\t\t<section class=\"elementor-section elementor-top-section elementor-element elementor-element-fb6a643 elementor-section-boxed elementor-section-height-default elementor-section-height-default\" data-id=\"fb6a643\" data-element_type=\"section\" data-e-type=\"section\">\n\t\t\t\t\t\t<div class=\"elementor-container elementor-column-gap-default\">\n\t\t\t\t\t<div class=\"elementor-column elementor-col-100 elementor-top-column elementor-element elementor-element-3f4e448\" data-id=\"3f4e448\" data-element_type=\"column\" data-e-type=\"column\">\n\t\t\t<div class=\"elementor-widget-wrap elementor-element-populated\">\n\t\t\t\t\t\t<div class=\"elementor-element elementor-element-b774e27 elementor-widget elementor-widget-image\" data-id=\"b774e27\" data-element_type=\"widget\" data-e-type=\"widget\" data-widget_type=\"image.default\">\n\t\t\t\t<div class=\"elementor-widget-container\">\n\t\t\t\t\t\t\t\t\t\t\t\t\t\t\t<img fetchpriority=\"high\" decoding=\"async\" width=\"221\" height=\"300\" src=\"https:\/\/ericbphotographie.com\/wp-content\/uploads\/2018\/12\/Calque-1-221x300.jpg\" class=\"attachment-medium size-medium wp-image-50951\" alt=\"\" srcset=\"https:\/\/ericbphotographie.com\/wp-content\/uploads\/2018\/12\/Calque-1-221x300.jpg 221w, https:\/\/ericbphotographie.com\/wp-content\/uploads\/2018\/12\/Calque-1.jpg 748w\" sizes=\"(max-width: 221px) 100vw, 221px\" \/>\t\t\t\t\t\t\t\t\t\t\t\t\t\t\t<\/div>\n\t\t\t\t<\/div>\n\t\t\t\t<div class=\"elementor-element elementor-element-3ef3491 elementor-widget elementor-widget-text-editor\" data-id=\"3ef3491\" data-element_type=\"widget\" data-e-type=\"widget\" data-widget_type=\"text-editor.default\">\n\t\t\t\t<div class=\"elementor-widget-container\">\n\t\t\t\t\t\t\t\t\t<p>Je m\u2019appelle Eric Bensoussan. Je suis n\u00e9 \u00e0 Montpellier et j\u2019ai toujours v\u00e9cu dans la r\u00e9gion. Je travaille principalement dans le sud de la France, mais peux me d\u00e9placer plus loin si vous me choisissez. La photographie est bien plus qu&rsquo;un plaisir pour moi. Je suis tomb\u00e9 dedans quand j\u2019\u00e9tais jeune. C&rsquo;est devenu une passion depuis de nombreuses ann\u00e9es. Je me suis rendu compte, au fil du temps, que je donnais le sourire aux personnes que je photographiais et cela leur faisait des souvenirs, d&rsquo;un moment particulier ou des personnes avec lesquelles elles \u00e9taient.<\/p><p>En amateur, je me suis essay\u00e9 \u00e0 plusieurs domaines de la photographie. Pour moi, la photographie, au-del\u00e0 de l&rsquo;aspect artistique, est un catalyseur de souvenirs et de m\u00e9moire. Quelle personne n\u2019a pas souri ou eu une larme \u00e0 l\u2019\u0153il en ouvrant une bo\u00eete ou un album photo, en tombant sur une vieille photo d&rsquo;elle enfant ou d&rsquo;une personne aim\u00e9e ?<\/p><p>Les photos sont un plaisir qui se partage \u00e0 plusieurs. C&rsquo;est pourquoi que je pense que les plus belles photos ne doivent pas rester sur un ordinateur, mais \u00eatre imprim\u00e9es sur papier (photos ou livres). Le toucher garde un charme intemporel.\u00a0\u00a0<\/p>\t\t\t\t\t\t\t\t<\/div>\n\t\t\t\t<\/div>\n\t\t\t\t\t<\/div>\n\t\t<\/div>\n\t\t\t\t\t<\/div>\n\t\t<\/section>\n\t\t\t\t<section class=\"elementor-section elementor-top-section elementor-element elementor-element-b037bc0 elementor-section-boxed elementor-section-height-default elementor-section-height-default\" data-id=\"b037bc0\" data-element_type=\"section\" data-e-type=\"section\">\n\t\t\t\t\t\t<div class=\"elementor-container elementor-column-gap-default\">\n\t\t\t\t\t<div class=\"elementor-column elementor-col-100 elementor-top-column elementor-element elementor-element-5d90280\" data-id=\"5d90280\" data-element_type=\"column\" data-e-type=\"column\">\n\t\t\t<div class=\"elementor-widget-wrap\">\n\t\t\t\t\t\t\t<\/div>\n\t\t<\/div>\n\t\t\t\t\t<\/div>\n\t\t<\/section>\n\t\t\t\t<\/div>\n\t\t","protected":false},"excerpt":{"rendered":"<p>Je m\u2019appelle Eric Bensoussan. Je suis n\u00e9 \u00e0 Montpellier et j\u2019ai toujours v\u00e9cu dans la r\u00e9gion. Je travaille principalement dans le sud de la France, mais peux me d\u00e9placer plus loin si vous me choisissez. La photographie est bien plus qu&rsquo;un plaisir pour moi. Je suis tomb\u00e9 dedans quand j\u2019\u00e9tais jeune. C&rsquo;est devenu une passion&hellip;<\/p>\n","protected":false},"author":1,"featured_media":0,"parent":0,"menu_order":0,"comment_status":"closed","ping_status":"closed","template":"elementor_header_footer","meta":{"_exactmetrics_skip_tracking":false,"_exactmetrics_sitenote_active":false,"_exactmetrics_sitenote_note":"","_exactmetrics_sitenote_category":0,"footnotes":""},"class_list":["post-50627","page","type-page","status-publish","hentry"],"yoast_head":"<!-- This site is optimized with the Yoast SEO plugin v27.4 - https:\/\/yoast.com\/product\/yoast-seo-wordpress\/ -->\n<title>Qui suis-je ? - Eric B Photographie : photographe de mariage et portrait<\/title>\n<meta name=\"robots\" content=\"index, follow, max-snippet:-1, max-image-preview:large, max-video-preview:-1\" \/>\n<link rel=\"canonical\" href=\"https:\/\/ericbphotographie.com\/index.php\/qui-suis-je\/\" \/>\n<meta property=\"og:locale\" content=\"fr_FR\" \/>\n<meta property=\"og:type\" content=\"article\" \/>\n<meta property=\"og:title\" content=\"Qui suis-je ? - Eric B Photographie : photographe de mariage et portrait\" \/>\n<meta property=\"og:description\" content=\"Je m\u2019appelle Eric Bensoussan. Je suis n\u00e9 \u00e0 Montpellier et j\u2019ai toujours v\u00e9cu dans la r\u00e9gion. Je travaille principalement dans le sud de la France, mais peux me d\u00e9placer plus loin si vous me choisissez. La photographie est bien plus qu&rsquo;un plaisir pour moi. Je suis tomb\u00e9 dedans quand j\u2019\u00e9tais jeune. C&rsquo;est devenu une passion&hellip;\" \/>\n<meta property=\"og:url\" content=\"https:\/\/ericbphotographie.com\/index.php\/qui-suis-je\/\" \/>\n<meta property=\"og:site_name\" content=\"Eric B Photographie : photographe de mariage et portrait\" \/>\n<meta property=\"article:publisher\" content=\"https:\/\/www.facebook.com\/ericbphotographie34\/\" \/>\n<meta property=\"article:modified_time\" content=\"2022-06-08T18:52:33+00:00\" \/>\n<meta property=\"og:image\" content=\"https:\/\/ericbphotographie.com\/wp-content\/uploads\/2018\/12\/Calque-1-221x300.jpg\" \/>\n<meta name=\"twitter:card\" content=\"summary_large_image\" \/>\n<meta name=\"twitter:label1\" content=\"Dur\u00e9e de lecture estim\u00e9e\" \/>\n\t<meta name=\"twitter:data1\" content=\"2 minutes\" \/>\n<script type=\"application\/ld+json\" class=\"yoast-schema-graph\">{\"@context\":\"https:\\\/\\\/schema.org\",\"@graph\":[{\"@type\":\"WebPage\",\"@id\":\"https:\\\/\\\/ericbphotographie.com\\\/index.php\\\/qui-suis-je\\\/\",\"url\":\"https:\\\/\\\/ericbphotographie.com\\\/index.php\\\/qui-suis-je\\\/\",\"name\":\"Qui suis-je ? - Eric B Photographie : photographe de mariage et portrait\",\"isPartOf\":{\"@id\":\"https:\\\/\\\/ericbphotographie.com\\\/#website\"},\"primaryImageOfPage\":{\"@id\":\"https:\\\/\\\/ericbphotographie.com\\\/index.php\\\/qui-suis-je\\\/#primaryimage\"},\"image\":{\"@id\":\"https:\\\/\\\/ericbphotographie.com\\\/index.php\\\/qui-suis-je\\\/#primaryimage\"},\"thumbnailUrl\":\"https:\\\/\\\/ericbphotographie.com\\\/wp-content\\\/uploads\\\/2018\\\/12\\\/Calque-1-221x300.jpg\",\"datePublished\":\"2018-05-25T07:49:27+00:00\",\"dateModified\":\"2022-06-08T18:52:33+00:00\",\"breadcrumb\":{\"@id\":\"https:\\\/\\\/ericbphotographie.com\\\/index.php\\\/qui-suis-je\\\/#breadcrumb\"},\"inLanguage\":\"fr-FR\",\"potentialAction\":[{\"@type\":\"ReadAction\",\"target\":[\"https:\\\/\\\/ericbphotographie.com\\\/index.php\\\/qui-suis-je\\\/\"]}]},{\"@type\":\"ImageObject\",\"inLanguage\":\"fr-FR\",\"@id\":\"https:\\\/\\\/ericbphotographie.com\\\/index.php\\\/qui-suis-je\\\/#primaryimage\",\"url\":\"https:\\\/\\\/ericbphotographie.com\\\/wp-content\\\/uploads\\\/2018\\\/12\\\/Calque-1.jpg\",\"contentUrl\":\"https:\\\/\\\/ericbphotographie.com\\\/wp-content\\\/uploads\\\/2018\\\/12\\\/Calque-1.jpg\",\"width\":748,\"height\":1016},{\"@type\":\"BreadcrumbList\",\"@id\":\"https:\\\/\\\/ericbphotographie.com\\\/index.php\\\/qui-suis-je\\\/#breadcrumb\",\"itemListElement\":[{\"@type\":\"ListItem\",\"position\":1,\"name\":\"Accueil\",\"item\":\"https:\\\/\\\/ericbphotographie.com\\\/\"},{\"@type\":\"ListItem\",\"position\":2,\"name\":\"Qui suis-je ?\"}]},{\"@type\":\"WebSite\",\"@id\":\"https:\\\/\\\/ericbphotographie.com\\\/#website\",\"url\":\"https:\\\/\\\/ericbphotographie.com\\\/\",\"name\":\"Eric B Photographie : photographe de mariage et portrait\",\"description\":\"Des photos pour de beaux souvenirs\",\"publisher\":{\"@id\":\"https:\\\/\\\/ericbphotographie.com\\\/#organization\"},\"potentialAction\":[{\"@type\":\"SearchAction\",\"target\":{\"@type\":\"EntryPoint\",\"urlTemplate\":\"https:\\\/\\\/ericbphotographie.com\\\/?s={search_term_string}\"},\"query-input\":{\"@type\":\"PropertyValueSpecification\",\"valueRequired\":true,\"valueName\":\"search_term_string\"}}],\"inLanguage\":\"fr-FR\"},{\"@type\":\"Organization\",\"@id\":\"https:\\\/\\\/ericbphotographie.com\\\/#organization\",\"name\":\"Eric B Photographie\",\"url\":\"https:\\\/\\\/ericbphotographie.com\\\/\",\"logo\":{\"@type\":\"ImageObject\",\"inLanguage\":\"fr-FR\",\"@id\":\"https:\\\/\\\/ericbphotographie.com\\\/#\\\/schema\\\/logo\\\/image\\\/\",\"url\":\"https:\\\/\\\/ericbphotographie.com\\\/wp-content\\\/uploads\\\/2018\\\/11\\\/Logo-EricB-nf.png\",\"contentUrl\":\"https:\\\/\\\/ericbphotographie.com\\\/wp-content\\\/uploads\\\/2018\\\/11\\\/Logo-EricB-nf.png\",\"width\":243,\"height\":206,\"caption\":\"Eric B Photographie\"},\"image\":{\"@id\":\"https:\\\/\\\/ericbphotographie.com\\\/#\\\/schema\\\/logo\\\/image\\\/\"},\"sameAs\":[\"https:\\\/\\\/www.facebook.com\\\/ericbphotographie34\\\/\",\"https:\\\/\\\/www.instagram.com\\\/ericb.photographie\\\/\"]}]}<\/script>\n<!-- \/ Yoast SEO plugin. -->","yoast_head_json":{"title":"Qui suis-je ? - Eric B Photographie : photographe de mariage et portrait","robots":{"index":"index","follow":"follow","max-snippet":"max-snippet:-1","max-image-preview":"max-image-preview:large","max-video-preview":"max-video-preview:-1"},"canonical":"https:\/\/ericbphotographie.com\/index.php\/qui-suis-je\/","og_locale":"fr_FR","og_type":"article","og_title":"Qui suis-je ? - Eric B Photographie : photographe de mariage et portrait","og_description":"Je m\u2019appelle Eric Bensoussan. Je suis n\u00e9 \u00e0 Montpellier et j\u2019ai toujours v\u00e9cu dans la r\u00e9gion. Je travaille principalement dans le sud de la France, mais peux me d\u00e9placer plus loin si vous me choisissez. La photographie est bien plus qu&rsquo;un plaisir pour moi. Je suis tomb\u00e9 dedans quand j\u2019\u00e9tais jeune. C&rsquo;est devenu une passion&hellip;","og_url":"https:\/\/ericbphotographie.com\/index.php\/qui-suis-je\/","og_site_name":"Eric B Photographie : photographe de mariage et portrait","article_publisher":"https:\/\/www.facebook.com\/ericbphotographie34\/","article_modified_time":"2022-06-08T18:52:33+00:00","og_image":[{"url":"https:\/\/ericbphotographie.com\/wp-content\/uploads\/2018\/12\/Calque-1-221x300.jpg","type":"","width":"","height":""}],"twitter_card":"summary_large_image","twitter_misc":{"Dur\u00e9e de lecture estim\u00e9e":"2 minutes"},"schema":{"@context":"https:\/\/schema.org","@graph":[{"@type":"WebPage","@id":"https:\/\/ericbphotographie.com\/index.php\/qui-suis-je\/","url":"https:\/\/ericbphotographie.com\/index.php\/qui-suis-je\/","name":"Qui suis-je ? - Eric B Photographie : photographe de mariage et portrait","isPartOf":{"@id":"https:\/\/ericbphotographie.com\/#website"},"primaryImageOfPage":{"@id":"https:\/\/ericbphotographie.com\/index.php\/qui-suis-je\/#primaryimage"},"image":{"@id":"https:\/\/ericbphotographie.com\/index.php\/qui-suis-je\/#primaryimage"},"thumbnailUrl":"https:\/\/ericbphotographie.com\/wp-content\/uploads\/2018\/12\/Calque-1-221x300.jpg","datePublished":"2018-05-25T07:49:27+00:00","dateModified":"2022-06-08T18:52:33+00:00","breadcrumb":{"@id":"https:\/\/ericbphotographie.com\/index.php\/qui-suis-je\/#breadcrumb"},"inLanguage":"fr-FR","potentialAction":[{"@type":"ReadAction","target":["https:\/\/ericbphotographie.com\/index.php\/qui-suis-je\/"]}]},{"@type":"ImageObject","inLanguage":"fr-FR","@id":"https:\/\/ericbphotographie.com\/index.php\/qui-suis-je\/#primaryimage","url":"https:\/\/ericbphotographie.com\/wp-content\/uploads\/2018\/12\/Calque-1.jpg","contentUrl":"https:\/\/ericbphotographie.com\/wp-content\/uploads\/2018\/12\/Calque-1.jpg","width":748,"height":1016},{"@type":"BreadcrumbList","@id":"https:\/\/ericbphotographie.com\/index.php\/qui-suis-je\/#breadcrumb","itemListElement":[{"@type":"ListItem","position":1,"name":"Accueil","item":"https:\/\/ericbphotographie.com\/"},{"@type":"ListItem","position":2,"name":"Qui suis-je ?"}]},{"@type":"WebSite","@id":"https:\/\/ericbphotographie.com\/#website","url":"https:\/\/ericbphotographie.com\/","name":"Eric B Photographie : photographe de mariage et portrait","description":"Des photos pour de beaux souvenirs","publisher":{"@id":"https:\/\/ericbphotographie.com\/#organization"},"potentialAction":[{"@type":"SearchAction","target":{"@type":"EntryPoint","urlTemplate":"https:\/\/ericbphotographie.com\/?s={search_term_string}"},"query-input":{"@type":"PropertyValueSpecification","valueRequired":true,"valueName":"search_term_string"}}],"inLanguage":"fr-FR"},{"@type":"Organization","@id":"https:\/\/ericbphotographie.com\/#organization","name":"Eric B Photographie","url":"https:\/\/ericbphotographie.com\/","logo":{"@type":"ImageObject","inLanguage":"fr-FR","@id":"https:\/\/ericbphotographie.com\/#\/schema\/logo\/image\/","url":"https:\/\/ericbphotographie.com\/wp-content\/uploads\/2018\/11\/Logo-EricB-nf.png","contentUrl":"https:\/\/ericbphotographie.com\/wp-content\/uploads\/2018\/11\/Logo-EricB-nf.png","width":243,"height":206,"caption":"Eric B Photographie"},"image":{"@id":"https:\/\/ericbphotographie.com\/#\/schema\/logo\/image\/"},"sameAs":["https:\/\/www.facebook.com\/ericbphotographie34\/","https:\/\/www.instagram.com\/ericb.photographie\/"]}]}},"_links":{"self":[{"href":"https:\/\/ericbphotographie.com\/index.php\/wp-json\/wp\/v2\/pages\/50627","targetHints":{"allow":["GET"]}}],"collection":[{"href":"https:\/\/ericbphotographie.com\/index.php\/wp-json\/wp\/v2\/pages"}],"about":[{"href":"https:\/\/ericbphotographie.com\/index.php\/wp-json\/wp\/v2\/types\/page"}],"author":[{"embeddable":true,"href":"https:\/\/ericbphotographie.com\/index.php\/wp-json\/wp\/v2\/users\/1"}],"replies":[{"embeddable":true,"href":"https:\/\/ericbphotographie.com\/index.php\/wp-json\/wp\/v2\/comments?post=50627"}],"version-history":[{"count":33,"href":"https:\/\/ericbphotographie.com\/index.php\/wp-json\/wp\/v2\/pages\/50627\/revisions"}],"predecessor-version":[{"id":51941,"href":"https:\/\/ericbphotographie.com\/index.php\/wp-json\/wp\/v2\/pages\/50627\/revisions\/51941"}],"wp:attachment":[{"href":"https:\/\/ericbphotographie.com\/index.php\/wp-json\/wp\/v2\/media?parent=50627"}],"curies":[{"name":"wp","href":"https:\/\/api.w.org\/{rel}","templated":true}]}}